260
In base 13, what is 9551 + -a?
9544
In base 3, what is -112012 + -1211211?
-2101000
In base 6, what is -32524531 - -5?
-32524522
In base 8, what is -7001 + -15?
-7016
In base 2, what is 1110111 - 10001100001110?
-10001010010111
In base 13, what is 18b + 285?
443
In base 7, what is 143 - 142504?
-142331
In base 8, what is 6 - 26247?
-26241
In base 10, what is 8022 - -1?
8023
In base 15, what is -e - -9d9?
9ca
In base 2, what is -11000 - -1001111111010?
1001111100010
In base 3, what is -11200221 + 220000?
-10210221
In base 8, what is -44 + 11073?
11027
In base 16, what is -1344e0 - 2?
-1344e2
In base 14, what is -126 + -1277?
-139d
In base 4, what is 11 + 1100012?
1100023
In base 11, what is 0 - 85259?
-85259
In base 3, what is 21021101 + 0?
21021101
In base 2, what is 11 - 110000111100?
-110000111001
In base 6, what is -2 - 133243?
-133245
In base 13, what is 282 + -18c?
c3
In base 4, what is 12 - -3310012?
3310030
In base 11, what is 3 - -386a4?
386a7
In base 5, what is 2303244 + -201?
2303043
In base 4, what is -1000 - -101213?
100213
In base 15, what is 4 - 168527?
-168523
In base 13, what is -9124b - -5?
-91246
In base 15, what is 69 - -13?
7c
In base 9, what is 68361 + 15?
68376
In base 3, what is -10121 - -1111110?
1100212
In base 11, what is -20607 + -44?
-20650
In base 3, what is -11 - 1100001220?
-1100002001
In base 11, what is 186a - 43?
1827
In base 9, what is -4572656 - 3?
-4572660
In base 15, what is 29 + -6605?
-65cb
In base 15, what is -4d6e + 8?
-4d66
In base 2, what is -1100 + -110001101001010?
-110001101010110
In base 10, what is 5 - -70682?
70687
In base 6, what is 4 - 30100?
-30052
In base 4, what is 1031310 + 110?
1032020
In base 10, what is 1 + -76840?
-76839
In base 2, what is -10011000111 - 11?
-10011001010
In base 11, what is 1a72000 - 4?
1a71aa7
In base 16, what is -5aa3 + 10?
-5a93
In base 12, what is 8 + -590?
-584
In base 5, what is 230024021 + 0?
230024021
In base 14, what is -6ab8c4 + 4?
-6ab8c0
In base 11, what is 96a74 - 5?
96a6a
In base 15, what is a7e - 9c?
9d2
In base 7, what is -265 + 1042?
444
In base 4, what is -1 - 203102302?
-203102303
In base 6, what is 3134251 + 4?
3134255
In base 15, what is -ce75 + -2?
-ce77
In base 7, what is -12 + -201665?
-202010
In base 10, what is -2477 - -47?
-2430
In base 8, what is 15274 - 233?
15041
In base 2, what is -111 - -101000010011011101?
101000010011010110
In base 11, what is -1 - -1a0042?
1a0041
In base 11, what is -54 + 23a42?
23999
In base 2, what is 11010011010 - -110101?
11011001111
In base 10, what is 359 - 422?
-63
In base 7, what is -4 + 242500?
242463
In base 3, what is 1002102 + -2220?
222112
In base 2, what is 11010001001001110101 - 11?
11010001001001110010
In base 15, what is -36 - -e2?
ab
In base 2, what is -1010 + -111100011001?
-111100100011
In base 7, what is 63 + 14425?
14521
In base 12, what is -594135b - 0?
-594135b
In base 2, what is -101 + 1101110000110?
1101110000001
In base 5, what is -1343 - -1423?
30
In base 14, what is -4 - 11949?
-1194d
In base 2, what is 101 - 110110101111000?
-110110101110011
In base 4, what is -12 - 12312220?
-12312232
In base 9, what is -2 - -5881?
5878
In base 4, what is -133 + -111133?
-111332
In base 4, what is -32 + -1030001?
-1030033
In base 14, what is 31 + -115?
-c4
In base 2, what is 10110 + -110000010110000101?
-110000010101101111
In base 16, what is -3 - -19b59?
19b56
In base 8, what is -202 - 1561?
-1763
In base 6, what is -4022455 + 1?
-4022454
In base 16, what is 4 - -2373f?
23743
In base 14, what is 54 - -3c3b?
3c91
In base 11, what is -31a + -96?
-405
In base 9, what is -6257173 - 5?
-6257178
In base 5, what is 11 - -132001?
132012
In base 11, what is -5 - 11a010?
-11a015
In base 12, what is 1b256 - -2?
1b258
In base 12, what is 5 + -6b4?
-6ab
In base 7, what is -1562 - 116?
-2011
In base 16, what is 698 - 20?
678
In base 9, what is 11 + 184384?
184405
In base 11, what is 1a + 1710?
172a
In base 5, what is -1432 + 11231?
4244
In base 16, what is 3 + 154ba?
154bd
In base 2, what is 10110011111110010011 + -100?
10110011111110001111
In base 5, what is -23243103 + 4?
-23243044
In base 15, what is -154dd - -2?
-154db
In base 8, what is -1055752 - 2?
-1055754
In base 5, what is -14143 - -231?
-13412
In base 8, what is -614332 + -5?
-614337
In base 7, what is 1104 + -22213?
-21106
In base 9, what is 277 - -468?
756
In base 16, what is 0 + 10cf28?
10cf28
In base 2, what is 1000110011001110110 + 11?
1000110011001111001
In base 16, what is 6d - -34b2?
351f
In base 8, what is -30 - -266?
236
In base 12, what is -75 - 385?
-43a
In base 8, what is -4655 - -30?
-4625
In base 5, what is 2 - -223314?
223321
In base 2, what is 10 + -1001011100111?
-1001011100101
In base 16, what is -61f + 35?
-5ea
In base 16, what is 342 + 5e?
3a0
In base 9, what is -1 + 12472?
12471
In base 5, what is 4 + -132232?
-132223
In base 8, what is -2 + 366651?
366647
In base 4, what is -101022 - 23310?
-130332
In base 3, what is 12 + -101022202?
-101022120
In base 12, what is -8 + -32111?
-32119
In base 13, what is 15 + 51?
66
In base 5, what is -443 - -414421?
413423
In base 3, what is 11 - 22010121120?
-22010121102
In base 14, what is 5 + -9960?
-9959
In base 12, what is 3 + -58761?
-5875a
In base 2, what is -100 - -101011011001?
101011010101
In base 6, what is -11 - 100140?
-100151
In base 15, what is -57 - -de7?
d90
In base 2, what is -1010111001100001011 + 11?
-1010111001100001000
In base 7, what is -635650 + -1?
-635651
In base 15, what is 1 + 1445?
1446
In base 3, what is 101221221021 + 20?
101221221111
In base 12, what is 16 + -1a?
-4
In base 9, what is -8310 + -78?
-8388
In base 3, what is 212210002 + -100?
212202202
In base 12, what is 2790 - -6a?
283a
In base 3, what is -121120220 + 2102?
-121111111
In base 16, what is 491 + 15?
4a6
In base 4, what is -110 + -202201231?
-202202001
In base 3, what is 111002 - -10002?
121011
In base 14, what is 590 - -3?
593
In base 5, what is -1010 - -212203?
211143
In base 10, what is 1518163 + -4?
1518159
In base 8, what is 246314 - 2?
246312
In base 16, what is 3 + 2849?
284c
In base 5, what is -232203 - 222?
-232430
In base 2, what is 1000 - 1000000011111?
-1000000010111
In base 8, what is 154631 - 35?
154574
In base 11, what is 4417 + 12?
4429
In base 16, what is -12208 - -5?
-12203
In base 11, what is 0 - 1601a?
-1601a
In base 10, what is -59 - 229?
-288
In base 6, what is 10 + 1405?
1415
In base 10, what is 1133 - -10?
1143
In base 12, what is 17b - -2670?
282b
In base 3, what is -1 + -1101112110?
-1101112111
In base 13, what is 2089 - 8?
2081
In base 9, what is 60 - 207401?
-207331
In base 2, what is -101111110 - -11010001?
-10101101
In base 3, what is -10 - -111220121212?
111220121202
In base 5, what is -20 - -2040412?
2040342
In base 8, what is -41605 - 3?
-41610
In base 7, what is -3 - 2455106?
-2455112
In base 15, what is -c0 - 195?
-265
In base 11, what is 58a77 - 0?
58a77
In base 8, what is -5 + -3346320?
-3346325
In base 3, what is 11 - 1202022121?
-1202022110
In base 9, what is 125100 + 5?
125105
In base 2, what is -100110110001 - 1001?
-100110111010
In base 12, what is 15779 + 5?
15782
In base 12, what is -5 + 5141?
5138
In base 14, what is -10 - -1922a?
1921a
In base 7, what is 64 - 60603?
-60506
In base 14, what is 29614 - 20?
295d4
In base 16, what is -5 - -99b9?
99b4
In base 16, what is 159 - -765?
8be
In base 11, what is 0 + 694147?
694147
In base 15, what is -67eb + 4?
-67e7
In base 10, what is 3085 - -402?
3487
In base 16, what is -f9 + 5?
-f4
In base 2, what is -1011010111 + -1111?
-1011100110
In base 13, what is -b - 305a?
-3068
In base 14, what is -14 + 185d?
1849
In base 11, what is 235 + -71?
174
In base 15, what is c46 + 11?
c57
In base 11, what is -3 - -216126?
216123
In base 13, what is -a57 - 120?
-b77
In base 9, what is 88 - 551?
-452
In base 7, what is 10404 + 1042?
11446
In base 3, what is 111022 - -202101?
1020200
In base 10, what is 526275 - 0?
526275
In base 6, what is -3 - 2250303?
-2250310
In base 12, what is -2697204 - 0?
-2697204
In base 11, what is -4 - 68773?
-68777
In base 4, what is 112310313 + 3?
112310322
In base 2, what is -1001001 - 110101011101?
-110110100110
In base 7, what is -1 - -1321163?
1321162
In base 7, what is -15 - 102501?
-102516
